ple of 3?
False
Is 1944 a factor of 2956253279?
False
Is 907 a factor of 511956607?
False
Does 2342 divide 342229434?
True
Does 16 divide 5678288?
True
Is 478817631 a multiple of 653?
False
Is 126128448 a multiple of 576?
True
Is 632625390 a multiple of 90?
True
Is 143 a factor of 3490047?
False
Does 32 divide 11382375?
False
Is 10358495 a multiple of 155?
True
Does 2 divide 14111592?
True
Is 5274 a factor of 383182470?
True
Does 109 divide 482811576?
True
Does 8 divide 848086749?
False
Is 482 a factor of 4122546?
True
Is 35801290 a multiple of 7?
True
Does 24 divide 938495328?
True
Is 311 a factor of 850646933?
False
Is 148741064 a multiple of 36?
False
Is 16 a factor of 19512528?
True
Does 38 divide 567394188?
True
Is 11 a factor of 14931829?
True
Does 1102 divide 383125897?
False
Does 121 divide 16792335?
False
Is 94 a factor of 5784561378?
True
Does 654 divide 361340232?
True
Is 42063077 a multiple of 247?
False
Does 504 divide 12296088?
True
Does 158 divide 2460692?
True
Is 4799 a factor of 85992376?
False
Does 15 divide 8429955?
True
Is 110 a factor of 68822458?
False
Does 3 divide 41443257?
True
Does 193 divide 22660555?
False
Is 92181404 a multiple of 4?
True
Is 2249 a factor of 355050624?
False
Is 22 a factor of 6297825622?
True
Is 1456237148 a multiple of 26?
False
Is 1130886 a multiple of 422?
False
Does 3785 divide 4333321232?
False
Does 182 divide 12588576?
True
Is 644018846 a multiple of 122?
True
Is 1517 a factor of 17553013?
False
Is 31 a factor of 149490728?
False
Is 1070798956 a multiple of 80?
False
Is 2 a factor of 39640454?
True
Does 2521 divide 66145056?
False
Is 209958075 a multiple of 2943?
False
Is 2339 a factor of 740964793?
True
Is 70 a factor of 13279070?
True
Is 81 a factor of 310975038?
True
Does 13 divide 203966826?
False
Is 87820 a multiple of 20?
True
Does 154 divide 640314444?
True
Is 45061439 a multiple of 65?
False
Is 32074650 a multiple of 27?
True
Is 979 a factor of 171689321?
False
Does 13 divide 33103226?
True
Is 374051501 a multiple of 17?
False
Is 425872519 a multiple of 114?
False
Is 214435618 a multiple of 11?
False
Is 47 a factor of 5509716?
True
Does 658 divide 80919524?
True
Is 2543177037 a multiple of 373?
True
Does 269 divide 828193?
False
Does 502 divide 67413640?
False
Is 22575593 a multiple of 22?
False
Is 421616096 a multiple of 83?
True
Does 591 divide 1797431152?
False
Is 1928179050 a multiple of 2685?
True
Is 13869162 a multiple of 367?
False
Does 1269 divide 414028282?
False
Is 4150776 a multiple of 31?
True
Is 13 a factor of 6104254?
True
Is 3935565 a multiple of 5?
True
Is 33839820 a multiple of 70?
True
Is 829217844 a multiple of 2502?
True
Does 833 divide 67702908?
True
Does 36 divide 265405304?
False
Does 1809 divide 202339288?
False
Is 5478553 a multiple of 563?
True
Is 9 a factor of 18384458?
False
Does 169 divide 882981115?
False
Is 44498087 a multiple of 184?
False
Is 3703983869 a multiple of 11?
False
Does 3 divide 306297633?
True
Is 47 a factor of 211313304?
False
Does 197 divide 752841468?
False
Is 180725 a multiple of 25?
True
Does 11 divide 59466671?
True
Does 13 divide 272914135?
True
Is 34371420 a multiple of 1319?
False
Is 625800576 a multiple of 64?
True
Does 86 divide 619361699?
False
Does 69 divide 182516519?
False
Is 92544250 a multiple of 125?
True
Does 40 divide 55943819?
False
Does 212 divide 235806737?
False
Is 368 a factor of 61234645?
False
Is 40 a factor of 21877784?
False
Is 823835370 a multiple of 759?
False
Does 16 divide 11897248?
True
Is 375125720 a multiple of 1131?
False
Is 940734976 a multiple of 3359?
True
Does 117 divide 258821288?
False
Is 70919733 a multiple of 867?
True
Is 26662320 a multiple of 5?
True
Is 15 a factor of 133677694?
False
Is 1828 a factor of 138266776?
False
Is 1485222 a multiple of 51?
True
Does 37 divide 105254011?
True
Is 2678242732 a multiple of 22?
True
Is 454662338 a multiple of 173?
True
Is 17 a factor of 106269720?
True
Is 19485014 a multiple of 74?
True
Is 31458756 a multiple of 4?
True
Does 105 divide 44069063?
False
Is 92248596 a multiple of 102?
True
Does 184 divide 1007733616?
False
Is 17021409 a multiple of 614?
False
Is 433 a factor of 214451354?
False
Is 16343471 a multiple of 87?
False
Does 66 divide 29792928?
True
Is 58511187 a multiple of 135?
False
Is 11 a factor of 5523771?
True
Does 3741 divide 171860363?
False
Is 38 a factor of 165790390?
True
Does 17 divide 676224296?
False
Is 12 a factor of 39638520?
True
Is 1165228535 a multiple of 4490?
False
Is 5196 a factor of 379837992?
True
Does 42 divide 28785813?
False
Is 148 a factor of 271918032?
True
Does 57 divide 7559967?
True
Is 39197608 a multiple of 9?
False
Is 18812648 a multiple of 262?
True
Is 167 a factor of 34811985?
True
Is 246 a factor of 310452?
True
Is 334152782 a multiple of 14?
False
Is 1280323140 a multiple of 996?
True
Is 80954762 a multiple of 2421?
False
Is 38 a factor of 2214608308?
True
Is 956949232 a multiple of 97?
True
Is 176118939 a multiple of 18?
False
Is 199500049 a multiple of 9?
False
Does 157 divide 58653473?
True
Is 28766784 a multiple of 12?
True
Is 128230524 a multiple of 31?
False
Does 527 divide 888624238?
True
Does 28 divide 618301404?
True
Does 20 divide 1078141780?
True
Is 607090176 a multiple of 288?
True
Does 444 divide 9256987?
False
Is 604 a factor of 147247348?
True
Does 45 divide 889510320?
True
Is 22 a factor of 942835168?
True
Is 34 a factor of 7750314?
False
Is 63190072 a multiple of 968?
True
Is 720936948 a multiple of 7151?
False
Is 140 a factor of 220997700?
True
Is 179 a factor of 14990022?
False
Does 5964 divide 65403902?
False
Is 466821870 a multiple of 5?
True
Is 365 a factor of 41557805?
True
Is 1007827366 a multiple of 4931?
True
Is 44 a factor of 696495880?
False
Is 96 a factor of 637454951?
False
Is 11 a factor of 366469103?
True
Is 216379508 a multiple of 2313?
False
Is 38992000 a multiple of 200?
True
Is 471580467 a multiple of 17?
False
Is 2 a factor of 875234?
True
Does 4 divide 5258012?
True
Is 1584 a factor of 2292583392?
True
Is 7 a factor of 110540?
False
Is 37685496 a multiple of 22?
False
Is 63682499 a multiple of 52?
False
Does 4 divide 2592700?
True
Does 550 divide 19850050?
True
Is 6982790 a multiple of 235?
True
Is 691 a factor of 428806047?
False
Does 503 divide 173665188?
False
Is 9 a factor of 7218127?
False
Is 90 a factor of 38987173?
False
Does 535 divide 2051580550?
True
Does 178 divide 397072740?
False
Does 4295 divide 559947740?
True
Is 1646 a factor of 176469306?
True
Is 409 a factor of 18391334?
False
Is 1865 a factor of 1225209885?
True
Is 23197024 a multiple of 32?
True
Does 86 divide 6043220?
True
Does 87 divide 789851?
False
Is 1241877 a multiple of 161?
False
Is 14425998 a multiple of 924?
False
Is 151 a factor of 75346131?
True
Is 3850 a factor of 1452762850?
True
Does 15 divide 3528176679?
False
Is 66395 a multiple of 5?
True
Does 14 divide 12117427?
False
Is 370784 a multiple of 23?
False
Is 4738484 a multiple of 4?
True
Is 169652805 a multiple of 95?
True
Is 2301624 a multiple of 13?
True
Is 3552093 a multiple of 9?
True
Is 98 a factor of 16505846?
True
Is 25390490 a multiple of 96?
False
Does 92 divide 321655460?
True
Is 34086158 a multiple of 30?
False
Does 7080 divide 1658390880?
True
Is 8103283 a multiple of 38?
False
Is 48 a factor of 50585280?
True
Does 216 divide 181551024?
True
Does 7 divide 53999078?
True
Is 1164586920 a multiple of 1085?
True
Is 104 a factor of 67702752?
True
Does 2678 divide 1203292340?
False
Is 248057706 a multiple of 39?
True
Does 53 divide 214727486?
True
Is 199922688 a multiple of 896?
True
Is 121785681 a multiple of 219?
True
Does 173 divide 52348416?
True
Is 146 a factor of 190347354?
True
Is 119 a factor of 289970822?
False
Is 5 a factor of 50829042?
False
Does 8 divide 1496708216?
True
Is 2987489560 a multiple of 7634?
True
Is 273906702 a multiple of 9?
True
Is 31799291 a multiple of 9?
False
Is 23 a factor of 12121388?
False
Does 17 divide 7887507?
True
Is 77772062 a multiple of 14?
False
Is 1435 a factor of 95569565?
True
Is 767021070 a multiple of 30?
True
Is 6715 a factor of 171346655?
True
Is 169 a factor of 1754727507?
True
Is 349609268 a multiple of 205?
False
Does 11 divide 121301059?
True
Is 106247224 a multiple of 562?
Tr